/12)/((-2)/(-4)). Let c(d) be the second derivative of -d**3/6 - 2*d**2 + d. Calculate c(l).
1
Let c be 6/(-8) - (-30)/8. Let g = 1 + c. Let b(x) = x**2 - 6*x + 5. Calculate b(g).
-3
Let d(f) = 3*f - 73 + 73 + f**2. Calculate d(-2).
-2
Let l(x) = 15*x + 10. Let t(h) = -4*h - 1. Let f(b) = -l(b) - 4*t(b). Suppose i + 2*y - 5 = 0, 2 = -2*i - 5*y + 17. What is f(i)?
-11
Let m(y) = -y + 4 + 3 - 6 - 5. Calculate m(0).
-4
Let x(p) be the second derivative of -p**4/12 - p**3/3 - 2*p**2 - 11*p. Give x(-3).
-7
Suppose -8 = -y - 2. Let n = 7 - y. Let j(m) = -5*m**3 + 0 - m**2 + 1 - m**3. Calculate j(n).
-6
Suppose -2*n = -4*i + 8, 3*n - i = 3*i - 12. Let j(f) = -f - 4. Let k be j(n). Let r be (-2)/((k + 1)/2). Let p(y) = -y**2 - 3*y - 2. Determine p(r).
-6
Let a(q) = -42*q - 1 + 42*q + 10*q**2. Let b = 15 - 11. Suppose 8 = -d - 3*d + b*n, 0 = -2*d - 4*n + 2. What is a(d)?
9
Let j(f) be the third derivative of -f**5/30 - f**4/24 + f**3/6 + 56*f**2. Determine j(-2).
-5
Let n(i) = -7*i + 18. Let o(b) = -15*b + 37. Let h(s) = 13*n(s) - 6*o(s). What is h(0)?
12
Let v(n) = n. Let x(a) = a. Let o(b) = 3*v(b) - 4*x(b). Suppose -3*i + 4 + 4 = -m, 2*m - 3*i + 7 = 0. Let r be 3*(m - (-16)/(-6)). Determine o(r).
5
Suppose -2*b + 18 = 24. Let f(j) = 2*j + 3. What is f(b)?
-3
Let b(i) = -5*i. Let x(h) = -7*h. Let f(j) = 6*b(j) - 5*x(j). Give f(1).
5
Let l(y) be the first derivative of y**6/120 + y**5/20 - y**4/24 + y**3/2 - y**2 - 4. Let m(j) be the second derivative of l(j). Give m(-3).
6
Let i(h) be the first derivative of -h**3/3 + h**2/2 + 2*h - 2. Let q(d) be the second derivative of d**3/6 - 6*d**2 + 2*d. Let r be q(12). Determine i(r).
2
Let a(i) be the first derivative of i**3 + 3 + 0*i**2 - 1/4*i**4 + 4*i. Calculate a(3).
4
Let t = 22 - 29. Let u(h) = h**2 + 9*h + 4. Give u(t).
-10
Let t(p) = 1. Let q(l) = l + 7. Let v(n) = -q(n) - t(n). Suppose -3*z = -2*z - 4*m - 25, 0 = -5*z - 3*m + 125. Suppose o + z = -4*o. Give v(o).
-3
Suppose 21 = -20*c + 13*c. Suppose 2*j = 6*j. Let t(y) = j*y - y + 0 - 1. Give t(c).
2
Let u(b) = -7*b**3 - 9*b**2 + 2*b - 9. Let p(i) = -15*i**3 - 19*i**2 + 4*i - 19. Let v(w) = 6*p(w) - 13*u(w). Determine v(-4).
-5
Let l(y) be the second derivative of -y**3 + y**2/2 + 17*y. Suppose -5*w + 11 = 4*b, 0*w = -b + 3*w - 10. Let p be 1 + 0/(-3 - b). Determine l(p).
-5
Suppose -2*p + 3*s = 3, -2 - 2 = -4*s. Suppose -2*r - r = p. Let n(z) be the third derivative of -z**4/24 - z**3/3 - 6*z**2. Calculate n(r).
-2
Let s(q) = q**2 - q - 2. Suppose 5*w = -0*w. Calculate s(w).
-2
Let f be 11*(2 - 1) + -1. Let w be (-2)/(f/4 - 2). Let l(h) be the first derivative of h**3/3 + 3*h**2/2 + 3*h + 2. Calculate l(w).
7
Let y(p) = p**3 + 14*p**2 + 12*p - 19. Let v be y(-13). Let z(g) = g - 5. What is z(v)?
-11
Let b(n) = -4*n + 29. Let g be b(7). Let t(c) = 2*c**3 + c**2 - c + 1. Determine t(g).
3
Let b be 4*3/4 - (3 + -1). Let r(s) be the first derivative of -3*s**2/2 - s + 1. What is r(b)?
-4
Let x(z) = 550*z**3 - 7 - 549*z**3 + 0 + 4*z**2 - 6*z. Let h(n) = 5*n. Let q = -3 + 2. Let w be h(q). Determine x(w).
-2
Let q(p) = -2*p**3 - 2 + 3*p**3 + 0 - 1 + 2*p. Calculate q(2).
9
Let b(v) = -2*v - 42. Let l be b(-24). Let g(s) = -6 - 3*s + 2*s + 2*s. Give g(l).
0
Let d = 3 + -5. Let m(h) be the third derivative of h**5/60 + h**4/24 - h**3/6 - 30*h**2. Calculate m(d).
1
Suppose -7 = -y - 2*v + 3, 0 = -4*y + v + 4. Suppose -5 = y*r + 3. Let z(l) = l + 8. What is z(r)?
4
Let n = -8 - -11. Let t(o) = n*o + o - o. Suppose 5*q = -4*f - 14, 2*f + 5*q + 11 = f. Calculate t(f).
-3
Suppose x + x - 2 = 0. Let n(h) = 3 + 6*h - 4*h**2 - h**2 + 4*h**2 + x. Let v be 60/25*10/4. Calculate n(v).
4
Let b(t) = -2*t - 9. Let r be b(-6). Let k(o) = -2 + r + 2*o + 5*o**2 + 0 + o**2. Let a be -4 - (18/(-3))/2. Calculate k(a).
5
Let u be (-6)/2 + (6 + -2 - 0). Let y(f) = 3*f + 1. Determine y(u).
4
Suppose 4*o - 2*h + 70 = 0, 0 = -4*o - 5*h - 39 - 38. Let l = -12 - o. Let z(n) = -l + 16 + n + 0*n. Determine z(0).
10
Let q(m) be the third derivative of -1/12*m**4 + 4*m**2 - 1/60*m**5 + 1/60*m**6 + 0*m**3 + 0 + 0*m. Give q(2).
8
Let z(y) = 3*y**2 - 2. Let n be (-156)/(-65) + 2/(-5). Calculate z(n).
10
Suppose -c + 2*i = 4*i + 16, -4*c - i - 43 = 0. Let f(w) = -w**3 - 10*w**2 - w - 8. Let g be f(c). Let d(s) = -g*s - 2*s + 3*s - s. Determine d(5).
-10
Let z(n) = n**2 - 70*n + 2 + 1 + 59*n. Determine z(11).
3
Let d(w) = -2*w**2 + 4*w - 4. Let g(x) = -5*x + 3 + 2 - 3*x**2 + x**2 + 5*x**2. Let o(c) = -4*d(c) - 3*g(c). Determine o(-4).
-11
Let o(i) = i**3 + 378*i**2 - 4 + 2*i - 7*i - 382*i**2. Calculate o(5).
-4
Let i = -5 - -2. Let a = i - -5. Suppose 5*z = -r - 15, -a = -3*z + z - 2*r. Let u(m) = -m + 1. Determine u(z).
5
Let z(o) = o + 6. Let r(t) be the third derivative of -t**4/8 - 8*t**2. Let c be r(2). Determine z(c).
0
Let y(u) be the first derivative of -u**2 + 5*u - 1. Let v(g) be the first derivative of -g**4/4 + 2*g**3 + 9*g**2/2 - 9*g - 3. Let z be v(7). Calculate y(z).
-5
Let p(k) = -11*k**3 - 4*k**2 - 7*k - 19. Let n(i) = 5*i**3 + 2*i**2 + 3*i + 9. Let o(z) = 13*n(z) + 6*p(z). What is o(2)?
-3
Suppose 4*n = -0*n + 32. Let a(b) = -b**2 + 8*b - 1. Calculate a(n).
-1
Let b be -5 + 5 - 4 - 9/3. Let y(n) = n**2 + 8*n + 10. Determine y(b).
3
Let o(v) = -v + 20. Let k(c) = 2*c - 41. Let y(s) = 6*k(s) + 13*o(s). Determine y(0).
14
Let o(c) be the first derivative of c**2/2 + 10*c + 2. Calculate o(-8).
2
Let o(y) = -13*y**3 + y**2 - y - 1. Let t be ((-10)/(-6) + -2)*3. Give o(t).
14
Let p be (3 + -2)*(-4 - 0). Let n be ((-2)/p)/(2/(-20)). Let a(q) = 2*q**3 + 8*q**2 - 2 - 2*q - 3*q**2 - q**3. Give a(n).
8
Suppose 6*m - 7 - 23 = 0. Let k(g) = g**3 - 5*g**2 + g + 4. What is k(m)?
9
Let d(i) be the second derivative of i**5/20 - 5*i**4/12 - 7*i**3/6 + 4*i**2 + 3*i. Give d(6).
2
Let a(z) = -4*z**2 - 2*z - 1. Let p(r) = -9*r**2 - 5*r - 3. Let c(q) = 5*a(q) - 2*p(q). Let d = 0 + -2. Calculate c(d).
-7
Let f be (10/4)/((-1)/2). Let q(o) = -25 + 13 + 13 + o. Let t be q(f). Let c(s) = -s + 2. Calculate c(t).
6
Let u(b) be the first derivative of b**2 + 2 + 2/3*b**3 + 3*b. What is u(-2)?
7
Let a(y) = -3*y - 4 - 4*y + 4*y**2 - 5*y**2. Let i(x) = -11*x - 1. Let b be i(1). Let c = 7 + b. Give a(c).
6
Let j(g) be the first derivative of 0*g - 1 + 1/2*g**2. Let p be j(-3). Let o(q) = -q**2 - 4*q - 2. Give o(p).
1
Let s(v) = v + 0*v - 5*v + 3*v. Give s(4).
-4
Suppose 4*u = 4*g + 24, -g = -4*u - 8 + 32. Let v(t) = -5 + t - 7 + 1 + 8. Give v(u).
3
Let n(i) be the first derivative of 0*i**2 + 7/24*i**4 + 1 - 1/120*i**5 + 0*i + 1/3*i**3. Let y(j) be the third derivative of n(j). Determine y(5).
2
Let p(z) = 2*z - 4. Suppose 0 = 9*d - 6*d + 12. Suppose -5*q - 2*r + 1 = 11, -4*q - 3*r = 15. Let j = q + d. Determine p(j).
-12
Suppose m = -3*m. Let l be (-2 + m + 0)*-2. Let s(r) = l*r - 6 - 3*r - 4. What is s(5)?
-5
Let h(w) = -12*w**2 - 3 + 2*w - 2 + 10 - 6. What is h(1)?
-11
Let t(m) = -6*m - 19. Let v be t(-4). Let k(w) = w**3 - 7*w**2 + 7*w - 6. Determine k(v).
-21
Let l(r) = -5*r**2 - r + 7*r**2 + 3 + r - 2*r. Give l(2).
7
Let i(k) = -5*k**2 - k**3 - k**2 - 7 + 2*k + 2*k**3 + 0*k. Give i(6).
5
Let n(s) = -s**3. Let m(a) = 0*a**2 + 2*a**3 + 3*a**2 - 4*a**2 + 5*a**2. Let h(u) = m(u) + n(u). Give h(-4).
0
Let i(y) = y**2 + 6*y + 4. Let g be -9 + 3*8/6. Determine i(g).
-1
Suppose 0 = -4*i + h - 8, -2*h = -0*i + 4*i + 8. Let n = i + 2. Let t(f) = -f + 3. Determine t(n).
3
Let g(j) be the second derivative of j**3/6 + j**2 - 5*j. Give g(-3).
-1
Suppose 0 = w - 2*w + 3. Suppose 0*s = -2*s + 6. Let r(p) = 2*p**2 + p**2 - s*p + 2*p**2 - p**w. Determine r(4).
4
Suppose -7*g + 2*g = -20. Let s(u) = u**3 - 5*u**2 + 3*u + 3. Determine s(g).
-1
Suppose 5*v = 3*q - 4*q + 13, 3*v = 3*q + 15. Let i(l) = l + 1. Determine i(q).
-1
Let z = -6 + 8. Let i = 7 + -5. Let c(d) = 2 - i*d**2 - 3 + z*d - d. Determine c(1).
-2
Let v(m) be the second derivative of -m**5/20 - m**4/12 - m**3/3 - 3*m**2/2 - 2*m. Suppose 10 = -7*x + 2*x. Calculate v(x).
5
Let t(m) = 7*m**3 - m**2. Let q(x) = -2*x + 37. Let f be q(18). Determine t(f).
6
Let p(r) = r**2 - 5*r + 4. Suppose -3*h - 2*h = -25. Let z be 1*h - (-2 - -4). Determine p(z).
-2
Let y(a) = a**3 - 4*a + 0*a**3 - 4 - 2*a**3 - 2 + 6*a**2. Determine y(5).
-1
Let j(v) be the third deri